is divided by 1325.
10
What is the remainder when 29195 is divided by 292?
287
Calculate the remainder when 358213 is divided by 11194.
5
What is the remainder when 618 is divided by 564?
54
Calculate the remainder when 177146 is divided by 9.
8
What is the remainder when 76321 is divided by 13?
11
What is the remainder when 33842 is divided by 3758?
20
What is the remainder when 7875 is divided by 258?
135
Calculate the remainder when 2284 is divided by 153.
142
What is the remainder when 2028 is divided by 340?
328
What is the remainder when 7134 is divided by 3545?
44
Calculate the remainder when 38875 is divided by 50.
25
What is the remainder when 44742 is divided by 45?
12
Calculate the remainder when 964 is divided by 241.
0
Calculate the remainder when 236652 is divided by 243.
213
What is the remainder when 5001129 is divided by 1949?
1944
What is the remainder when 18591 is divided by 16?
15
Calculate the remainder when 5823 is divided by 932.
231
What is the remainder when 20400 is divided by 172?
104
Calculate the remainder when 1448 is divided by 485.
478
Calculate the remainder when 6268 is divided by 181.
114
What is the remainder when 13949 is divided by 285?
269
What is the remainder when 144939 is divided by 72469?
1
Calculate the remainder when 3589 is divided by 36.
25
Calculate the remainder when 18165 is divided by 1815.
15
Calculate the remainder when 693 is divided by 7.
0
Calculate the remainder when 2038954 is divided by 999.
994
Calculate the remainder when 14641 is divided by 222.
211
Calculate the remainder when 4787 is divided by 435.
2
Calculate the remainder when 1030 is divided by 978.
52
Calculate the remainder when 44378 is divided by 9.
8
What is the remainder when 3573 is divided by 135?
63
What is the remainder when 2614 is divided by 294?
262
What is the remainder when 20388 is divided by 969?
39
What is the remainder when 366177 is divided by 438?
9
What is the remainder when 2361 is divided by 1059?
243
What is the remainder when 1439756 is divided by 280?
276
Calculate the remainder when 841756 is divided by 32.
28
What is the remainder when 9862 is divided by 106?
4
What is the remainder when 4323 is divided by 2?
1
Calculate the remainder when 4218 is divided by 2085.
48
Calculate the remainder when 3440 is divided by 1600.
240
Calculate the remainder when 53237 is divided by 53212.
25
Calculate the remainder when 6938539 is divided by 58.
57
What is the remainder when 122943 is divided by 58?
41
What is the remainder when 2615 is divided by 188?
171
Calculate the remainder when 1779025 is divided by 31.
28
Calculate the remainder when 492119 is divided by 70301.
12
Calculate the remainder when 37551 is divided by 21.
3
What is the remainder when 653 is divided by 372?
281
What is the remainder when 10078 is divided by 61?
13
Calculate the remainder when 21195 is divided by 10594.
7
What is the remainder when 381443 is divided by 7?
6
Calculate the remainder when 3586 is divided by 12.
10
What is the remainder when 14650 is divided by 210?
160
What is the remainder when 8267 is divided by 174?
89
What is the remainder when 37062 is divided by 18521?
20
What is the remainder when 915 is divided by 304?
3
What is the remainder when 767060 is divided by 248?
244
Calculate the remainder when 13234 is divided by 55.
34
What is the remainder when 6447 is divided by 433?
385
What is the remainder when 402266 is divided by 57466?
4
What is the remainder when 927 is divided by 61?
12
What is the remainder when 5031 is divided by 994?
61
Calculate the remainder when 5747 is divided by 160.
147
What is the remainder when 2025 is divided by 55?
45
What is the remainder when 5912 is divided by 26?
10
What is the remainder when 1930 is divided by 11?
5
What is the remainder when 176324 is divided by 80?
4
Calculate the remainder when 4765 is divided by 66.
13
Calculate the remainder when 334170 is divided by 868.
858
What is the remainder when 11323 is divided by 121?
70
Calculate the remainder when 265134 is divided by 584.
582
What is the remainder when 1608 is divided by 307?
73
What is the remainder when 11295 is divided by 134?
39
Calculate the remainder when 86208 is divided by 1120.
1088
Calculate the remainder when 51634 is divided by 23.
22
What is the remainder when 27 is divided by 6?
3
Calculate the remainder when 1319679 is divided by 42.
39
Calculate the remainder when 131036 is divided by 16.
12
Calculate the remainder when 13228 is divided by 13.
7
What is the remainder when 8339 is divided by 1055?
954
What is the remainder when 1868609 is divided by 58394?
1
Calculate the remainder when 375301 is divided by 34118.
3
What is the remainder when 1695 is divided by 1281?
414
What is the remainder when 1215 is divided by 399?
18
Calculate the remainder when 1991 is divided by 1877.
114
Calculate the remainder when 62807 is divided by 1282.
1271
Calculate the remainder when 2711 is divided by 195.
176
What is the remainder when 17753 is divided by 17478?
275
What is the remainder when 123166 is divided by 199?
184
What is the remainder when 2111 is divided by 1117?
994
What is the remainder when 23656 is divided by 194?
182
What is the remainder when 3888 is divided by 71?
54
What is the remainder when 1287 is divided by 1195?
92
Calculate the remainder when 208018 is divided by 195.
148
What is the remainder when 14180 is divided by 1049?
543
Calculate the remainder when 8644 is divided by 33.
31
What is the remainder when 314859 is divided by 582?
579
What is the remainder when 12339 is divided by 1540?
19
What is the remainder when 71308 is divided by 10185?
13
Calculate the remainder when 858 is divided by 73.
55
Calculate the remainder when 5067 is divided by 5066.
1
What is the remainder when 36975 is divided by 623?
218
Calculate the remainder when 60364 is divided by 27.
19
Calculate the remainder when 2350 is divided by 94.
0
Calculate the remainder when 1976 is divided by 557.
305
Calculate the remainder when 25269 is divided by 72.
69
What is the remainder when 1403 is divided by 315?
143
Calculate the remainder when 110885 is divided by 4432.
85
What is the remainder when 3870 is divided by 352?
350
Calculate the remainder when 5232 is divided by 189.
129
What is the remainder when 8880 is divided by 8866?
14
What is the remainder when 44622 is divided by 84?
18
What is the remainder when 22989 is divided by 95?
94
What is the remainder when 462128 is divided by 389?
385
Calculate the remainder when 23101 is divided by 592.
13
What is the remainder when 64671 is divided by 40?
31
Calculate the remainder when 19547 is divided by 108.
107
Calculate the remainder when 109798 is divided by 54882.
34
What is the remainder when 611 is divided by 124?
115
Calculate the remainder when 3514 is divided by 3501.
13
What is the remainder when 345863 is divided by 345859?
4
Calculate the remainder when 143682 is divided by 1318.
20
What is the remainder when 44976 is divided by 294?
288
Calculate the remainder when 44571 is divided by 619.
3
Calculate the remainder when 226582 is divided by 43.
15
Calculate the remainder when 234218 is divided by 370.
8
What is the remainder when 410 is divided by 139?
132
Calculate the remainder when 10038 is divided by 840.
798
Calculate the remainder when 7286 is divided by 11.
4
Calculate the remainder when 1022945 is divided by 73.
69
Calculate the remainder when 12802 is divided by 322.
244
Calculate the remainder when 8349 is divided by 1805.
1129
Calculate the remainder when 952 is divided by 20.
12
What is the remainder when 55358 is divided by 1227?
143
What is the remainder when 32936 is divided by 27?
23
What is the remainder when 48674 is divided by 7?
3
Calculate the remainder when 625543 is divided by 312755.
33
Calculate the remainder when 14215 is divided by 45.
40
What is the remainder when 30359 is divided by 115?
114
Calculate the remainder when 10178 is divided by 20.
18
What is the remainder when 22540 is divided by 271?
47
Calculate the remainder when 10472 is divided by 218.
8
Calculate the remainder when 63520 is divided by 1588.
0
What is the remainder when 12329 is divided by 399?
359
What is the remainder when 681520 is divided by 45?
40